.
77
Let j be 23/6 + (-58)/(-348). Suppose 5 = d + 4, -5*d = n - 11. What is the greatest common divisor of j and n?
2
Let z be (((-20)/(-12))/(10/(-20)))/(2/33). Let f(i) = 3*i**2 - 2*i + 6. Let q be f(5). Let b = z + q. Calculate the highest common divisor of 40 and b.
8
Let q be (-2 - ((-9)/(-45) - (-28)/10)) + 53. Calculate the highest common factor of q and 768.
48
Let n be -2 + -3 + (6 - 4) + 8. Suppose 3*o - 80 = -n*o. What is the greatest common divisor of 90 and o?
10
Suppose 4*r + k - 175 = 0, 2*r + 0*r + 5*k = 83. Let t be (r/(-8))/((-2)/4). Suppose -t*d = -784 - 1680. What is the greatest common divisor of d and 32?
32
Let x(j) = 2*j**2 - 95*j + 471. Let a be x(43). Calculate the highest common factor of 972 and a.
12
Suppose 5*t - 14 = -a - 3*a, 5*a = 3*t + 36. Let h(b) = b**2 + b - 13. Let v be h(a). What is the highest common divisor of v and 145?
29
Suppose -c = -2*s + 4196 - 482, 4*s = -2*c + 7412. What is the highest common divisor of s and 105?
35
Let b = -7420 - -7519. Calculate the greatest common factor of 1530 and b.
9
Let d(h) = -24*h - 88. Let i be d(-6). Suppose -267*w + 269*w - i = 0. What is the greatest common divisor of w and 105?
7
Let o be (-544)/(-40) + (-4)/(-10). Let m = -10 + o. Suppose -4*v + 489 = -3*p, -m*p - 463 = -5*v + 149. What is the greatest common divisor of 24 and v?
24
Let z be (-2820)/(-25) - 1*(-3)/15. Suppose 3*p - z = -5*q - 0*p, p + 65 = 3*q. What is the greatest common factor of 209 and q?
11
Suppose 0 = 1249*n - 1267*n + 1674. Calculate the highest common divisor of n and 9114.
93
Let w(u) = -11*u + 193. Let v be w(-51). Suppose -31*b - 174 = -34*b. What is the greatest common divisor of v and b?
58
Suppose 5*v + s + 3*s = 44, 0 = v + s - 8. Suppose 25 = -o + 121. What is the greatest common factor of v and o?
12
Suppose 6*j - 20 = 4*j. Suppose -2*l - m = -25, -m - j + 48 = 3*l. What is the greatest common factor of l and 104?
13
Suppose 3*x = a + 29 - 110, -5*a + 2*x + 418 = 0. Suppose -8*o = -20*o + a. What is the highest common factor of 203 and o?
7
Suppose -15104 - 49896 = -125*n. Calculate the highest common divisor of n and 416.
104
Suppose -4455 = -2*o + l, -24*l - 20 = -20*l. What is the highest common divisor of 267 and o?
89
Let t(g) = -2*g**3 + 18*g**2 + 63*g - 514. Let s be t(5). Let l = -57 - 26. Let c be (-8)/36 - l/9. What is the highest common factor of c and s?
1
Let g be (27/(-6)*2)/(-1). Let t be (-2)/((-3)/(g/(-2))). Let o(m) = m + 15. Let b be o(t). Calculate the greatest common factor of b and 12.
12
Suppose -9 = 5*b - 3*o, 0 = 7*b - 2*b + 4*o - 12. Suppose 37 = 12*g - 9*g + 4*t, 3*t + 6 = b. What is the greatest common factor of 1065 and g?
15
Let y(n) be the third derivative of n**5/20 - n**4/2 + 19*n**3/6 + n**2 + n. Let f be y(2). Calculate the greatest common divisor of 28 and f.
7
Suppose -65*k - 68 = -44*k - 4730. Calculate the greatest common divisor of k and 2738.
74
Let r = 282 - 280. Let o be (((-11872)/r)/8)/(-2). Calculate the highest common factor of 7 and o.
7
Suppose -577626 = -385*z + 364*z. Calculate the highest common factor of 17 and z.
17
Let z = -2101 - -2155. Let r be 2*((1 - 0) + 0). Suppose 0 = r*p + 4*s - z, -3*s + 5 + 52 = 2*p. What is the greatest common divisor of 55 and p?
11
Let y be (5952/(-432) + (-2 - (-32)/18))*-4. Calculate the greatest common divisor of y and 512.
8
Let q = -14 - -25. Suppose 0 = q*l - 4249 - 2450. Let y = -330 + l. Calculate the greatest common factor of 31 and y.
31
Suppose 18*s = 5*s - 78. Let m(z) = -31*z + 4. Let f be m(s). Suppose w + 2*w = 114. Calculate the highest common divisor of f and w.
38
Let w(l) = 8*l**2 - 41*l + 7. Let f be w(6). What is the greatest common divisor of f and 259?
7
Let t = 139 - 135. Suppose -2*d - t*p = -0*d - 68, -3*p - 14 = -d. Let v = d - 13. Calculate the highest common divisor of v and 2.
1
Let b(v) = 79*v**2 - 145*v - 146. Let q be b(-1). What is the highest common divisor of 13221 and q?
39
Suppose -f + 4*x + 11 = 0, 0 = -3*x + 2*x - 2. Suppose 4*w + 4*b - 9 = 143, -f*b = w - 48. What is the highest common factor of 187 and w?
11
Let n be 1/(-2)*-18 - -1. Let t = 70 + 100. What is the greatest common factor of t and n?
10
Suppose h - 5*k = 988, -5*h - 4940 = -10*h - 5*k. What is the highest common divisor of 364 and h?
52
Let d be 6/((-2)/((-2)/1)). Let z be ((-396)/72)/((-1)/d + 0). Let g = z - -22. What is the greatest common factor of g and 11?
11
Let n be (-300)/(-550) - 1472/(-44). Let c = 206 - 121. Calculate the highest common divisor of c and n.
17
Let c(q) = 303*q**2 + 41*q - 92. Let z be c(4). What is the greatest common divisor of 60 and z?
60
Suppose -4*x - 34 = -2*p - 114, 5*x - 99 = 2*p. Calculate the greatest common factor of x and 4009.
19
Suppose -204725 = 3*f - 0*f - 28*f. What is the greatest common factor of 19 and f?
19
Suppose 174*n - 1387 = 701. What is the highest common factor of 27036 and n?
12
Let x be (7/((-112)/12))/((-1)/196). Let b be (-3)/(-6) + (-1323)/(-18) + 10. Calculate the greatest common divisor of b and x.
21
Suppose -5*l + 3*r = -10*l + 5, -3*r = l + 11. Suppose 4*k - 8*k + 824 = -2*b, 2*b = -l. What is the greatest common divisor of k and 5?
5
Let l be 919*2*(-6 + 55/10). Let t = -828 - l. What is the greatest common divisor of t and 39?
13
Let p(q) = -138*q - 2743. Let d be p(-20). Calculate the highest common divisor of d and 2329.
17
Let n = -44 + 47. Suppose -62 = -n*r - 2. Let a(g) = g**3 - 20*g**2 + 2*g + 2. Let f be a(r). Calculate the highest common factor of f and 14.
14
Let a be (-4626)/(20 + -38) - 6. What is the greatest common factor of a and 36395?
251
Let r be (1 - 3) + 2 - 2716/(-97). Calculate the greatest common divisor of 966 and r.
14
Suppose -15708 = -1150*c + 1031*c. What is the greatest common factor of 3652 and c?
44
Let r(b) = -5216*b + 5223*b + 44 + 5. Let v be r(-7). Suppose v = 2*c + 3*k - 13, -c = -k + 5*k - 14. What is the greatest common factor of 20 and c?
2
Let v be (-75850)/(-666) - 2/(-18). Suppose v = 5*k - 4*q, -2*q - 112 + 42 = -3*k. Calculate the greatest common divisor of k and 10.
2
Suppose 173*m + 2751 - 17493 = 11*m. Calculate the greatest common factor of 1339 and m.
13
Suppose 2 = 2*r, 0*i + 306 = 5*i + r. Let j = -286 - -304. Suppose -60*a = -i*a + j. What is the greatest common factor of a and 2?
2
Let h(j) = -11*j - 22. Let c be h(4). Let l be (-2)/(-11) + (-1228)/c*3. Calculate the highest common divisor of 42 and l.
14
Let f = 152 + -107. Suppose 0 = 29*a - f*a + 720. What is the highest common factor of 90 and a?
45
Suppose -937 + 73 = -6*q. Suppose -q = -190*y + 174*y. Suppose 0 = 3*h - 3. Calculate the highest common divisor of h and y.
1
Let j(g) = 10*g**2 + 10*g + 2. Let u(k) = -39*k**2 - 43*k - 8. Let r(o) = 9*j(o) + 2*u(o). Let l be r(-1). What is the greatest common factor of l and 45?
5
Suppose 3*t - 2860 - 1817 = 0. Suppose 5*s = 4*f - 1565, 7*f + s = 3*f + t. What is the greatest common factor of f and 52?
26
Suppose 23*m - 22*m - 326 = 363. What is the highest common factor of m and 26?
13
Let r(i) = 49*i - 10. Let v be r(2). Suppose -5*q + v = 18. What is the greatest common divisor of 63 and q?
7
Let z = -390 + 424. Suppose -z = -28*g + 50. Let u be (-4)/(-10) + (-58)/(-5). Calculate the greatest common factor of g and u.
3
Let g(j) = -120*j + 2*j**2 - 2*j**2 + 0*j**2 + j**2 + 9 + 121*j. Let r be g(0). Calculate the highest common divisor of 279 and r.
9
Let z(k) = k**2 + 3*k + 20. Let d be z(14). Suppose 0 = -2*q - 5*n - 45 + 234, -3*q + n + d = 0. What is the highest common factor of 609 and q?
87
Let h(s) = -s**3 - 10*s**2 - 49*s - 6. Let l be h(-5). Calculate the greatest common factor of 2 and l.
2
Suppose -16*h = -14*h + 122. Let v = h + 63. Suppose -5*m = v*p - 143, 5*m = -5*p + 197 + 138. What is the greatest common factor of 16 and p?
16
Let d = -811 + 811. Suppose d = -239*t + 238*t + 75. Suppose -3*n + 3*f + 123 = 0, 4*n + f - 47 = 137. Calculate the greatest common factor of t and n.
15
Suppose 4*r + 6*z - 9*z - 197 = 0, 2*r - 5*z - 95 = 0. Calculate the highest common factor of 365 and r.
5
Let m(c) = 23*c - 1866. Let d be m(82). What is the highest common divisor of d and 390?
10
Suppose -3*t = -t - 4. Let b be 26*(-81)/(-6)*t. Suppose -l = -3*l + b. 